What are the prime factors of r?
13, 23, 47
List the prime factors of 37/3*336990/94.
5, 37, 239
Let b(q) = -4 - 2*q**2 - 10*q + 1 - q**3 + 22*q. Let u be b(-7). Suppose 2*l = 8, s + u = 3*s - 2*l. What are the prime factors of s?
83
Suppose -4*v + 133 = -8*v + 5*j, 2*v = -4*j - 34. Let g = 31 + v. List the prime factors of 263/g + 2*(-21)/56.
5, 13
Let g(u) = 10. Let t(v) = -v + 10. Let m(f) = 4*g(f) - 6*t(f). Let z(x) = 5*x - 20. Let i(q) = -2*m(q) + 3*z(q). What are the prime factors of i(18)?
2, 17
Let l(p) = -p**3 + 8*p**2 + 2*p + 16. Let z be l(8). What are the prime factors of -3 - (517/44)/((-2)/z)?
5, 37
Let w = -2408 - -4767. What are the prime factors of w?
7, 337
Let y(f) = 78*f**3 + 3*f**2 + 8*f - 10. Let o(m) = 26*m**3 + m**2 + 3*m - 3. Let b(x) = -17*o(x) + 6*y(x). List the prime factors of b(3).
3, 7, 11
Let i be 2/4 - (-20)/(-40). Suppose -u - 5*c + 161 + 18 = i, -2*u = -2*c - 382. Let d = u + -110. What are the prime factors of d?
79
Let d(b) = 440*b**2 - 245*b + 1198. List the prime factors of d(5).
10973
Let v(l) = -l**3 + 2*l**2 - 15*l + 2. Let q be v(7). Let o = -72 - q. List the prime factors of o.
2, 3, 23
Let i = -106616 + 160615. List the prime factors of i.
11, 4909
Suppose 3*u - 15195 - 429989 = -61*u. What are the prime factors of u?
2, 37, 47
Suppose 5*s = 2*z + 12340, 0 = 5*s + 732*z - 731*z - 12355. What are the prime factors of s?
2, 5, 13, 19
Let d(v) = 1003*v**3 - 27*v**2 + 132*v - 11. List the prime factors of d(4).
17, 19, 199
Let f be ((-468)/(-24))/(6/20). Let t = f + 19. Let r = -78 + t. What are the prime factors of r?
2, 3
Suppose 0 = -10*g - 60. Let n be (g/(-4) - (-7)/(-14))*2. What are the prime factors of (-6)/(-27) + (-669)/(-27) + n?
3
Let n(x) = -x**2 - 21*x - 23. Let p be n(-20). Let o be 1470/18 - (p/(-9))/(-1). Let i = o + -34. List the prime factors of i.
2, 3
Let r = -8081 - -15490. What are the prime factors of r?
31, 239
Let t = 1283 - 87. Let b = t + -442. What are the prime factors of b?
2, 13, 29
Suppose k - a = 480, -2*k - 2*k - a + 1900 = 0. Let x be (24/(-14))/((-8)/k). Suppose x + 78 = 3*j. List the prime factors of j.
2, 3, 5
Let u(t) = t**2 + 5*t - 29. Let q be u(-11). Let j(z) = -z**2 + 50*z - 80. What are the prime factors of j(q)?
401
Let t = -10244 + 23473. List the prime factors of t.
13229
Let v = -530 - -533. List the prime factors of (v - 1)*(10 + (-2562)/(-4)).
1301
Suppose 22 - 10 = 3*x. Suppose 3*j = -2*j + 4*c + x, -2*j - 3*c = 3. Suppose -4*u - 5 + 21 = j. List the prime factors of u.
2
Let f(h) = 31*h**2 - 83*h - 189. Let o(n) = -11*n**2 + 28*n + 63. Let l(v) = 3*f(v) + 8*o(v). List the prime factors of l(-11).
19, 43
Let v(k) = 241*k**2 - 71*k**2 + 8 - 81*k**2 - 6*k - 74*k**2. List the prime factors of v(-4).
2, 17
Let a(p) be the second derivative of p**5/10 + 23*p**4/12 + 7*p**3/2 - 5*p**2 - 6*p + 3. List the prime factors of a(-9).
2, 103
Let l = -307 + 310. Suppose 4*m = 5*m + 2*h - 223, -4*h + 665 = l*m. List the prime factors of m.
3, 73
Let n(p) = 10*p**2 - 4*p - 42. Let r(y) = -y**2 + y - 1. Let v(i) = n(i) + 3*r(i). What are the prime factors of v(7)?
3, 97
Suppose -6*q = -5*p - q + 7745, 5*q - 1567 = -p. Suppose 15*r = -p + 8692. List the prime factors of r.
2, 7, 17
Let i = -195 + 153. Let d = i + 66. What are the prime factors of d?
2, 3
Suppose 0*s - s + 184 = 4*q, -3*s + 552 = -4*q. Let y be 3/(5*(-3)/(-25)). Suppose s = -y*c + 9*c. What are the prime factors of c?
2, 23
Suppose 3*u - 4*s - 888 = -u, 15 = 5*s. Let q = u + -39. Suppose 2*g + 12 - q = 0. List the prime factors of g.
3, 29
List the prime factors of 3*1 - 5/((-125)/(-50)) - -37615.
2, 2351
Let p(s) = -s**2 + 10. Let b = 158 + -154. Let a be p(b). Let x(f) = -16*f + 7. List the prime factors of x(a).
103
Suppose -3*x - 2*c = 331 + 772, -370 = x + 3*c. Let a = x - -1789. What are the prime factors of a?
2, 3, 79
Suppose 3*t = -j + 55464, 4*t - 10*j + 12*j - 73950 = 0. What are the prime factors of t?
3, 6163
Suppose 2*v + 29*z - 25*z = 15658, -2*v + 15706 = -4*z. What are the prime factors of v?
7841
Let m(f) = 2*f**2 - 2*f + 348. Let q be m(0). Suppose -5*x + 4*x + q = -2*p, 2*p - 1412 = -4*x. List the prime factors of x.
2, 11
Suppose 0 = m + 581 - 506. What are the prime factors of (-54180)/m + 6/(-15)?
2, 19
Let w = 30 - 30. Suppose 3*c + 710 = d, 5*c + 2*d + 2*d + 1155 = w. Let u = -88 - c. What are the prime factors of u?
3, 7
Let r = 17377 + 9683. List the prime factors of r.
2, 3, 5, 11, 41
Suppose w = 2*z + 179, 2*z - 4*w = -0*w - 164. Let h be 34/408 - (-23)/12 - -180. Let a = z + h. What are the prime factors of a?
2, 3, 5
Let v(s) = 12*s**3 + s**2 + s + 1. Let l be v(-1). What are the prime factors of -458*(-4)/88 - 2/l?
3, 7
Let c(a) = -38*a**2 + 6*a + 11636. List the prime factors of c(0).
2, 2909
Suppose -69*x = -65*x. Suppose -4*y = 3*b - 929, 5*b - 2*b - 4*y - 889 = x. What are the prime factors of b?
3, 101
Let t(q) = 4*q**3 - 29*q**2 - 87*q + 1078. What are the prime factors of t(27)?
2, 5, 11
Let o(l) = -l**3 - 11 + 32*l**2 - 74*l**2 + 4*l + 45*l**2. Let z = 12 + -17. List the prime factors of o(z).
13
Let s = -40 - -43. Suppose -2*l = -3*u + l + 1845, 4*u + s*l = 2495. What are the prime factors of u?
2, 5, 31
Let y be (-4)/14 - 2040/14. Let u = -1950 - -1903. Let c = u - y. List the prime factors of c.
3, 11
Suppose t - 1 = -5. What are the prime factors of 282/30 - t/(-10)?
3
Let f(d) = d**3 - 4*d**2 - d + 7. Let g be f(4). Suppose 6 = g*t - 21. Suppose 3*h - t*h + 252 = 0. What are the prime factors of h?
2, 3, 7
Suppose 406 = -12*i - 938. Let c = -109 - i. Let n(x) = 26*x - 22. What are the prime factors of n(c)?
2, 7
Let g(s) = -14*s - 23. Let t(h) = -h**2 + 7*h - 3. Let x be t(6). Let m(u) = 27*u + 46. Let k(l) = x*m(l) + 5*g(l). What are the prime factors of k(11)?
2, 3
Let k(p) = 111*p**2 - 4*p + 12. Let s = -109 - -111. What are the prime factors of k(s)?
2, 7
Suppose -4*y - 3*l + 339892 = 0, 2*y + 2134*l = 2136*l + 169946. List the prime factors of y.
7, 61, 199
Suppose 2*x - 18113 + 2898 = -3*b, 0 = -4*b - 5*x + 20275. Suppose 0 = 22*o - 29*o + b. List the prime factors of o.
5, 29
Let b(r) = 173*r + 74. Let s be b(-5). List the prime factors of (-3)/(-1) + (-21 - s).
773
Suppose -78*i - 7*i + 2238005 = -8*i. List the prime factors of i.
5, 5813
Suppose 3*s = 43 - 61, -6*l + 255546 = 2*s. List the prime factors of l.
191, 223
Let j = -30 + 26. Let k be 114/(-42) + 3 + j/14. Suppose k = -2*a + 4*i + 182 + 98, -131 = -a + 5*i. List the prime factors of a.
2, 73
Let l(j) = j**3 + 5*j**2 + 3*j - 1. Let q be l(-3). Suppose 0 = 6*n - q*n + 426. What are the prime factors of n?
3, 71
List the prime factors of (12*451/110)/(12/40).
2, 41
Let m(z) = z**2 + 9*z + 7. Let d be m(-9). Let b be ((-762)/(-9))/(d/21). Suppose -p - b = -3*p. What are the prime factors of p?
127
Let v(w) = 1047*w - 560. What are the prime factors of v(25)?
5, 47, 109
Let h = -22583 - -15320. Suppose 0*a + 10 = -5*a. What are the prime factors of h/(-45) - -2*a/10?
7, 23
Let z(y) be the third derivative of y**4/24 + 8*y**3/3 - y**2. Let w be z(-13). Suppose 0*j + w*j + 12 = 0, 188 = 3*f - 5*j. List the prime factors of f.
2, 7
Suppose 4*p - 233 = j, -p + 5*j + 115 = 33. Let r = p - 61. What are the prime factors of 90/r*(-42)/9?
3, 5, 7
Let b(o) = -o**2 + 4*o + 2. Let p be b(5). Let l be -5 + ((-2)/(-6))/(1/p). List the prime factors of -1 + (-6 - l) + 2 + 35.
2, 3
What are the prime factors of (-6 + -14 - 25)/((3/3)/(-478))?
2, 3, 5, 239
Let m = 759 - 762. List the prime factors of (0 + m)/((-3)/1117).
1117
Suppose -k + 0*k - 2*m + 4 = 0, -2*k = -m - 3. Suppose 3*c - 5*c - k*f = -938, -1408 = -3*c - 4*f. List the prime factors of c.
2, 3, 13
Let s(k) = 3*k**3 + 6*k**2 - 14*k + 71. Let g(a) = -14*a**3 - 25*a**2 + 54*a - 283. Let l(q) = -2*g(q) - 9*s(q). List the prime factors of l(6).
107
Suppose 131*s + 561890 = 719094 + 1544224. What are the prime factors of s?
2, 17, 191
Let n(t) = t**3 + 12*t**2 + 13*t - 13. Let g be (-54)/(-21) + (-12)/21. Suppose -6*x - 40 = -g*x. What are the prime factors of n(x)?
3, 19
Let d be (-3 + 2/(-6)*-3)*-2. Suppose -2*x - 3*x = 4*m - 13, 0 = -d*m - 3*x + 11. Suppose -87 = -3*l + m*l. List the prime factors of l.
3, 29
Suppose -6847*x = -6859*x + 1092. Supp